first derivative of 7*r**2 + 3. Calculate v(s).
-14
Let o be 1*10*10/20 - -2. Suppose -2*u - v = -8, 2*u - o*u + 2*v = -20. Let w(p) = p - 2*p + 0*p + 3. What is w(u)?
-1
Let u(z) = -z**2 + 8*z + 1. Suppose 3*v - 21 = -4*l, -4*v - 3*l = -2*l - 28. What is u(v)?
8
Suppose 0 = -2*y + 3*x + 17 - 3, x = -2. Suppose 0 = a - y*b + 14, 0 = 2*a + 5*b - 24. Let h(g) = -g**2 + a*g + g - 8*g + 5. Give h(-6).
-1
Let i be (-1 + -5)/(20/(-60)). Let o(a) = 2*a - 38. Determine o(i).
-2
Suppose 9622 - 1694 = 4*g. Let o(w) = -g*w + 7*w**2 + 3 - 5 + 0*w**3 - w**3 + 1984*w. Calculate o(7).
12
Let a(g) = -g**3 - g**2 - g. Let t(y) = 4*y**3 + 8*y**2 + 6*y - 7. Let h = -60 - -59. Let c(p) = h*t(p) - 3*a(p). Determine c(-5).
22
Let a(t) = -t**3 - t**2 + 2*t - 1. Let j = -1 + 13. Let y = 1 - j. Let b = y + 8. What is a(b)?
11
Suppose 7*z - 8 = 6. Let n(y) = 23*y + 2. Let i(t) = -12*t - 1. Let v(r) = 7*i(r) + 4*n(r). Calculate v(z).
17
Let b(j) = -6*j + 5. Let l(u) = -u + 1. Let f(s) = b(s) - 2*l(s). Suppose -2*v - 2*v = a + 4, 8 = -2*v - 2*a. Suppose -2*y + 4 + 2 = v. Calculate f(y).
-9
Let b(n) = -4*n + 2. Let u be 836/(-198) + -2*(-3)/27. Give b(u).
18
Let h(o) = 2*o + 3. Let j be h(-2). Suppose g = 4*g - 6. Let w(m) = m**g - 4*m**2 - 2*m**2 - 2*m - 1. What is w(j)?
-4
Let h(i) = -1 - 5*i**2 - 10*i + 5*i**2 + 4*i + 5*i - i**2. Give h(-3).
-7
Let k(p) = p**2 + 2*p - 1. Let w = -4 - -5. Let b be (-1 - w)*9/(-2). Suppose 0 = -4*v, -c = 2*c + v + b. Calculate k(c).
2
Let r(t) = 2*t + 7. Let b(z) be the second derivative of 2*z**3/3 + 3*z**2 - 21*z. Let c(l) = -2*b(l) + 3*r(l). Calculate c(6).
-3
Let l(a) = a + 2. Suppose 59*z + 8 = 61*z. Suppose 3*u - z = -4. Determine l(u).
2
Suppose -3*v - v + 8 = 0. Suppose 0 = -k + 4 - v. Let r(l) = -k - 6 + l**3 + 3 + l**2. Calculate r(0).
-5
Let s = 1494 - 1500. Let c(x) = x**3 + 8*x**2 + 3*x - 17. Calculate c(s).
37
Suppose 3*a + 73*q = 69*q + 9, a = -4*q + 11. Let n(v) be the third derivative of -v**6/20 + v**2. Give n(a).
6
Let b = 9 + -2. Let v(s) = s**2 - 8*s + 9. Let c be v(b). Let u(o) = o**2 + o**3 + 3 + 4*o + 6*o**c - 2*o**3 - 2*o**2. What is u(6)?
-9
Let o(l) = l + 13. Let p(k) = -22*k + 22. Let f be p(1). Determine o(f).
13
Let b(q) = -q**2 + 6*q - 5. Let k(l) = l. Let g(c) = -b(c) + 2*k(c). What is g(4)?
5
Let w(h) = -1. Let g(k) = 6*k - 5*k - 1 + 3. Let n(a) = -g(a) + 2*w(a). Calculate n(3).
-7
Let j(i) = i**2 + 2*i - 6. Let r be j(-5). Let w(v) = r + 3*v - 8 + 0. Calculate w(3).
10
Let i(v) = 3*v - 1. Let u be i(2). Let q(n) be the third derivative of -n**6/120 + n**5/15 + 5*n**4/24 - 3*n**2. Calculate q(u).
0
Suppose -8 = -2*y - 122. Let b = -51 - y. Let w(d) = -d**2 + 7*d - 4. Give w(b).
2
Suppose -15*n = -18*n - 5*z + 15, -3*z = -3*n - 33. Let u(o) = -4*o**2 + 3. Let v(l) = -3*l**2 - l + 4. Let y(i) = 2*u(i) - 3*v(i). Calculate y(n).
4
Let g be ((-8)/12)/(-1)*6. Let h(a) = 3*a - g*a**2 + a**3 - 1 + a**2 + 0*a. Determine h(3).
8
Let c(n) = 3*n**3 - 2*n**2 + 1. Let x be (10/(-15))/((-2)/6). Suppose y + 40 = 3*o, 2*y + x*o - 120 = 6*y. Let a be (-8)/y*7/2. What is c(a)?
2
Let r(f) be the third derivative of f**8/20160 + f**7/1680 - f**6/720 + 3*f**5/10 - 4*f**2. Let o(l) be the third derivative of r(l). Give o(3).
17
Let l(x) = -7*x**2 - 14*x + 7. Let n(p) = 8*p**2 + 16*p - 7. Let c(o) = 7*l(o) + 6*n(o). Determine c(4).
-17
Let u(r) = 21*r + 62. Let s be u(-6). Let p = 67 + s. Let h(k) = -k**3 + 3*k**2 + 2*k + 4. What is h(p)?
10
Let a be 1/(-3 + 26/8). Suppose -a*l - 63 = -l. Let f be 4/(-14) + 57/l. Let v(o) = -o**3 - 3*o**2 + o + 2. What is v(f)?
-1
Let r be (-6)/(1 - 3) - -1. Suppose -4*d = -q - 7, -r*q - 5*d = 6 + 22. Let a = q - -10. Let k(v) = v**3 - 5*v**2 + 4. Determine k(a).
-14
Let z(k) = -k**3 - k**2 - 18. Suppose 2*q - 6 = -12. Let r be (-2 - -4 - 3) + q/(-3). Give z(r).
-18
Let z(p) = p - 1. Let x be 5 + 2 + 7 + 1 + -7. What is z(x)?
7
Let c(p) be the third derivative of -p**5/60 - 5*p**4/12 - 11*p**3/6 + 18*p**2 - 2*p. What is c(-8)?
5
Let i(d) = 7*d + 136. Let l be i(-19). Let a(g) be the first derivative of -2 + 1/3*g**3 - 8*g - l*g**2. Determine a(7).
-1
Let a(t) be the second derivative of 0 - 2/3*t**3 - 6*t - 2*t**2 + 1/20*t**5 + 1/3*t**4. Let q = -6 - -2. Give a(q).
12
Let u(m) be the third derivative of m**6/40 - m**4/12 - m**3/6 + 8*m**2. Suppose -4*r = -8*r - 4. What is u(r)?
-2
Let u(p) = 5*p**3 + 8*p**2 + 11*p - 11. Let s(w) = w**3 + w - 1. Let h(q) = 4*s(q) - u(q). Let o(j) = -j - 1. Let d be o(6). Calculate h(d).
7
Let r be ((-4)/36 + (-22)/99)*-1. Let h(z) be the second derivative of -10*z - 5/2*z**2 + 0 + r*z**3. What is h(4)?
3
Let v(k) = 8*k - 3 + 9*k - 24*k + 5*k. Let j(u) = -2*u - 2. Suppose -3*p = 3 + 3. Let b(i) = p*v(i) + 3*j(i). Calculate b(1).
-2
Let t(a) = a**2 + 2*a + 1. Suppose 2*u = 2*c + 10, -5*c - 5*u = -u - 20. Suppose -2*w + 13 - 17 = c. What is t(w)?
1
Suppose -12*x + 10*x - 8 = 0. Let d be -4*(16/4 - (7 + x)). Let w(c) = -2*c - 3. Calculate w(d).
5
Let l = -116 + 118. Let z(k) be the second derivative of -3*k**3/2 + k**2/2 - k. Give z(l).
-17
Let d = 448 + -447. Let v(o) be the third derivative of -o**6/40 + o**5/60 - o**4/24 + o**3/6 + o**2. Calculate v(d).
-2
Suppose 0 = -g - 0 + 2. Let s(a) = -3*a + 8*a - 1 + 3*a**2 + 3*a**g - 7*a**2. Calculate s(5).
-1
Let f(u) be the second derivative of u**6/120 - u**5/30 - u**4/24 - u**3/2 - u**2/2 - 11*u. Let c(y) be the first derivative of f(y). Determine c(3).
3
Let z(f) = -f**2 + f + 4. Let s = -23 + 20. Let g be 85/25 - s/5. Give z(g).
-8
Let w(z) = 2*z + 1 - 339*z**2 + 329*z**2 - z. Calculate w(-1).
-10
Let d(m) be the first derivative of m**4/4 - m**3 - 2*m**2 + 3*m - 5. Let b = -224 - -227. Calculate d(b).
-9
Let j be 6*(-4)/8 - -1. Let b(u) be the first derivative of u**4/12 + u**3/6 - 3*u**2/2 + 2. Let o(t) be the second derivative of b(t). Calculate o(j).
-3
Let b(j) = -17*j - 30. Let q(p) = -6*p - 11. Let g(z) = -4*b(z) + 11*q(z). Give g(-15).
-31
Let c(u) be the first derivative of 2*u**3/3 - u**2 - 3*u - 79. What is c(-3)?
21
Let l = 4 + -4. Suppose -t + 3 + 0 = l. Let s(z) = z + 1 + 4 + z**t + 4*z**2 + 0 + z**2. Give s(-5).
0
Let j(v) = v**2 - 3*v. Let h(c) = -c**2 + 17*c - 24. Let u be h(15). Let w be -7 - (u/(-3) + -2). Calculate j(w).
18
Let z(b) = 4*b**3 - b**2 - 3*b + 3. Let q be z(0). Let y(u) be the first derivative of 5 - 5/2*u**2 + 1/3*u**3 + q*u. Calculate y(5).
3
Let y be 5/(7/14*(0 - -2)). Let t be y/((-4)/(-2) + -3). Let u(j) = j**2 + 6*j + 2. Determine u(t).
-3
Let u(g) = 3*g - 3. Suppose 0 = i + 2*w + 1 - 2, -4*w - 3 = 3*i. Give u(i).
-18
Let t(y) = -2*y - 10. Suppose 17*f = 37 + 99. Give t(f).
-26
Let a(k) = k + k + k - 3 - 4*k - 12. Determine a(-14).
-1
Let v(a) be the third derivative of -a**4/12 + a**2. Suppose -2*u = -7*u + 20. Suppose -k + q = u, -k + 2*q = -6*k + 1. Calculate v(k).
2
Let s be (7/2)/(7/(-14)). Let j(u) = -u - 5. Calculate j(s).
2
Let r(z) be the second derivative of z**3/6 - 2*z + 1. Let s(l) = -l**2 + 3*l + 10. Let t be s(-3). Calculate r(t).
-8
Suppose -5*a + 5*n + 40 = -5, -2*n + 12 = a. Suppose -5 = c - a. Let u(o) = -o**2 + 4*o + 2. Calculate u(c).
-3
Suppose -40*v = -43*v - 18. Let k(y) = y**3 + 7*y**2 + 7*y + 9. Determine k(v).
3
Suppose 3*y = 3*k + 6, 2*y + 0*k + k - 4 = 0. Let f(r) = -117 + 59 + r**y + 59 + 4*r. Determine f(-3).
-2
Let v(k) = -k**3 + 11*k**2 - 10*k. Suppose -3*n = 5*l - 8 - 2, -8 = 2*l. Determine v(n).
0
Let g(s) be the second derivative of -13*s**4/4 + s**3/3 + s**2/2 - 428*s. Calculate g(-1).
-40
Let l(z) = -12*z**2 + 9*z + 11. Let u(n) = 2*n + 2. Let h(m) = l(m) - 5*u(m). Suppose -3*i - 3 = -6. What is h(i)?
-12
Let q(j) = -4*j + 1 + 4 + 4*j**3 - 3*j - 3*j**3 - 5*j**2. Give q(6).
-1
Let n be (3 - -2) + (-2 - (-1)/(-1)). Let h(i) = -9*i + 0*i + 7 + 1 + i**3 - 5*i**n - 2. Calculate h(6).
-12
Let o(d) be the first derivative of -d**4/4 - 2*d**3 - 3*d**2/2 - 7*d + 36. Suppose 0 = 4*c + 12 + 12. Calculate o(c).
11
Let m(v) = v - 6. Let b(p) = -7*p - 101. Let r be b(-15). Determine m(r).
-2
Let t(b) be the first derivative of 2*b**2 + b - 129. Give t(-4).
-15
Let r(d) be the first derivative of -d**3/3 + d**2/2 + 19*d - 3. Give r(0).
19
Suppose 8 = -2*d + 28. Let k(u) = u + 18. Let x be k(-14). Suppose d*w + x = 11*w. Let j(g) = g**3 - 4*g**2 - 2*g.